{"id":276,"date":"2026-02-13T13:33:02","date_gmt":"2026-02-13T13:33:02","guid":{"rendered":"https:\/\/cdetoulouse.fr\/?page_id=276"},"modified":"2026-03-16T14:19:47","modified_gmt":"2026-03-16T14:19:47","slug":"ma-demande-daide-2","status":"publish","type":"page","link":"https:\/\/cdetoulouse.fr\/index.php\/ma-demande-daide-2\/","title":{"rendered":"Ma Demande d&rsquo;aide"},"content":{"rendered":"\t\t<div data-elementor-type=\"wp-page\" data-elementor-id=\"276\" class=\"elementor elementor-276\">\n\t\t\t\t<div class=\"elementor-element elementor-element-769392c e-flex e-con-boxed e-con e-parent\" data-id=\"769392c\" data-element_type=\"container\" data-e-type=\"container\">\n\t\t\t\t\t<div class=\"e-con-inner\">\n\t\t<div class=\"elementor-element elementor-element-24063e3 e-con-full e-flex e-con e-child\" data-id=\"24063e3\" data-element_type=\"container\" data-e-type=\"container\">\n\t\t<div class=\"elementor-element elementor-element-c0f441c e-con-full e-flex e-con e-child\" data-id=\"c0f441c\" data-element_type=\"container\" data-e-type=\"container\">\n\t\t\t\t<div class=\"elementor-element elementor-element-48dd6aa elementor-widget elementor-widget-text-editor\" data-id=\"48dd6aa\" data-element_type=\"widget\" data-e-type=\"widget\" data-widget_type=\"text-editor.default\">\n\t\t\t\t\t\t\t\t\t<h1>Vous \u00eates une \u00e9cole, un prescripteur ?<\/h1><h2 class=\"wp-block-heading\"><span style=\"text-decoration: underline;\">Alors faite une demande d&rsquo;aide<\/span><\/h2><p>1) T\u00e9l\u00e9charger les documents n\u00e9cessaires<\/p><p>2) T\u00e9l\u00e9chargez le formulaire de demande d&rsquo;aide<\/p><p>3) D\u00e9posez\u00a0nous le \u00ab\u00a0<strong>Formulaire de demande d&rsquo;aide<\/strong>\u00a0\u00bb\u00a0 <span style=\"text-decoration: underline;\">AVEC<\/span> tout les \u00ab\u00a0<strong>Documents \u00e0 T\u00e9l\u00e9charger<\/strong>\u00a0\u00bb par mail une fois rempli, avec\u00a0 nous vos documents directement par mail \u00e0\u00a0<span style=\"background-color: #f4eee5; color: #777777; font-family: Raleway, sans-serif;\">cde- toulouse@wanadoo.fr.<\/span><\/p><p><!-- \/wp:paragraph --><\/p><p><!-- \/wp:paragraph --><\/p>\t\t\t\t\t\t\t\t<\/div>\n\t\t\t\t<div class=\"elementor-element elementor-element-5b9f414 elementor-widget elementor-widget-button\" data-id=\"5b9f414\" data-element_type=\"widget\" data-e-type=\"widget\" data-widget_type=\"button.default\">\n\t\t\t\t\t\t\t\t\t\t<a class=\"elementor-button elementor-button-link elementor-size-sm\" href=\"https:\/\/drive.google.com\/drive\/folders\/1dvDrQUryYIKvei-mAhOGt-qNaR3B_uLr?usp=sharing\">\n\t\t\t\t\t\t<span class=\"elementor-button-content-wrapper\">\n\t\t\t\t\t\t\t\t\t<span class=\"elementor-button-text\">Documents N\u00e9cessaires<\/span>\n\t\t\t\t\t<\/span>\n\t\t\t\t\t<\/a>\n\t\t\t\t\t\t\t\t<\/div>\n\t\t\t\t<div class=\"elementor-element elementor-element-0d2be9a elementor-widget elementor-widget-button\" data-id=\"0d2be9a\" data-element_type=\"widget\" data-e-type=\"widget\" data-widget_type=\"button.default\">\n\t\t\t\t\t\t\t\t\t\t<a class=\"elementor-button elementor-button-link elementor-size-sm\" href=\"https:\/\/drive.google.com\/file\/d\/19mvUFJm6CbC66fHnRVaYD1fNHvh_lb65\/view?usp=sharing\">\n\t\t\t\t\t\t<span class=\"elementor-button-content-wrapper\">\n\t\t\t\t\t\t\t\t\t<span class=\"elementor-button-text\">Formulaire de demande d'aide<\/span>\n\t\t\t\t\t<\/span>\n\t\t\t\t\t<\/a>\n\t\t\t\t\t\t\t\t<\/div>\n\t\t\t\t<div class=\"elementor-element elementor-element-36cfb0f elementor-widget elementor-widget-text-editor\" data-id=\"36cfb0f\" data-element_type=\"widget\" data-e-type=\"widget\" data-widget_type=\"text-editor.default\">\n\t\t\t\t\t\t\t\t\t<p>Renvoyez nous le \u00ab\u00a0<strong>Formulaire de demande d&rsquo;aide<\/strong>\u00a0\u00bb\u00a0 <span style=\"text-decoration: underline;\">AVEC<\/span> tout les \u00ab\u00a0<strong>Documents \u00e0 T\u00e9l\u00e9charger<\/strong>\u00a0\u00bb par mail une fois rempli, avec\u00a0 nous vos documents directement par mail \u00e0\u00a0<span style=\"background-color: #f4eee5; color: #777777; font-family: Raleway, sans-serif;\">cde- toulouse@wanadoo.fr.<\/span><\/p><p><!-- \/wp:paragraph --><\/p>\t\t\t\t\t\t\t\t<\/div>\n\t\t<div class=\"elementor-element elementor-element-8fb1015 e-con-full e-flex e-con e-child\" data-id=\"8fb1015\" data-element_type=\"container\" data-e-type=\"container\" data-settings=\"{&quot;background_background&quot;:&quot;classic&quot;}\">\n\t\t<div class=\"elementor-element elementor-element-b4c4abb e-con-full e-flex e-con e-child\" data-id=\"b4c4abb\" data-element_type=\"container\" data-e-type=\"container\" data-settings=\"{&quot;background_background&quot;:&quot;classic&quot;}\">\n\t\t\t\t<div class=\"elementor-element elementor-element-c316df8 elementor-widget elementor-widget-image\" data-id=\"c316df8\" data-element_type=\"widget\" data-e-type=\"widget\" data-widget_type=\"image.default\">\n\t\t\t\t\t\t\t\t\t\t\t\t\t\t\t<img fetchpriority=\"high\" decoding=\"async\" width=\"1017\" height=\"896\" src=\"https:\/\/cdetoulouse.fr\/wp-content\/uploads\/2026\/03\/Distribution-Miniature.png\" class=\"attachment-large size-large wp-image-862\" alt=\"\" srcset=\"https:\/\/cdetoulouse.fr\/wp-content\/uploads\/2026\/03\/Distribution-Miniature.png 1017w, https:\/\/cdetoulouse.fr\/wp-content\/uploads\/2026\/03\/Distribution-Miniature-300x264.png 300w, https:\/\/cdetoulouse.fr\/wp-content\/uploads\/2026\/03\/Distribution-Miniature-768x677.png 768w\" sizes=\"(max-width: 1017px) 100vw, 1017px\" \/>\t\t\t\t\t\t\t\t\t\t\t\t\t\t\t<\/div>\n\t\t\t\t<div class=\"elementor-element elementor-element-8fb1e30 elementor-widget elementor-widget-heading\" data-id=\"8fb1e30\" data-element_type=\"widget\" data-e-type=\"widget\" data-widget_type=\"heading.default\">\n\t\t\t\t\t<h3 class=\"elementor-heading-title elementor-size-default\">Distribution (v\u00eatements et mat\u00e9riel scolaire)<\/h3>\t\t\t\t<\/div>\n\t\t\t\t<div class=\"elementor-element elementor-element-51d914a elementor-widget__width-initial e-transform e-transform elementor-widget elementor-widget-text-editor\" data-id=\"51d914a\" data-element_type=\"widget\" data-e-type=\"widget\" data-settings=\"{&quot;_transform_skewX_effect&quot;:{&quot;unit&quot;:&quot;px&quot;,&quot;size&quot;:0,&quot;sizes&quot;:[]},&quot;_transform_translateX_effect&quot;:{&quot;unit&quot;:&quot;px&quot;,&quot;size&quot;:&quot;&quot;,&quot;sizes&quot;:[]},&quot;_transform_translateX_effect_tablet&quot;:{&quot;unit&quot;:&quot;px&quot;,&quot;size&quot;:&quot;&quot;,&quot;sizes&quot;:[]},&quot;_transform_translateX_effect_mobile&quot;:{&quot;unit&quot;:&quot;px&quot;,&quot;size&quot;:&quot;&quot;,&quot;sizes&quot;:[]},&quot;_transform_translateY_effect&quot;:{&quot;unit&quot;:&quot;px&quot;,&quot;size&quot;:&quot;&quot;,&quot;sizes&quot;:[]},&quot;_transform_translateY_effect_tablet&quot;:{&quot;unit&quot;:&quot;px&quot;,&quot;size&quot;:&quot;&quot;,&quot;sizes&quot;:[]},&quot;_transform_translateY_effect_mobile&quot;:{&quot;unit&quot;:&quot;px&quot;,&quot;size&quot;:&quot;&quot;,&quot;sizes&quot;:[]},&quot;_transform_skewX_effect_tablet&quot;:{&quot;unit&quot;:&quot;deg&quot;,&quot;size&quot;:&quot;&quot;,&quot;sizes&quot;:[]},&quot;_transform_skewX_effect_mobile&quot;:{&quot;unit&quot;:&quot;deg&quot;,&quot;size&quot;:&quot;&quot;,&quot;sizes&quot;:[]},&quot;_transform_skewY_effect&quot;:{&quot;unit&quot;:&quot;px&quot;,&quot;size&quot;:&quot;&quot;,&quot;sizes&quot;:[]},&quot;_transform_skewY_effect_tablet&quot;:{&quot;unit&quot;:&quot;deg&quot;,&quot;size&quot;:&quot;&quot;,&quot;sizes&quot;:[]},&quot;_transform_skewY_effect_mobile&quot;:{&quot;unit&quot;:&quot;deg&quot;,&quot;size&quot;:&quot;&quot;,&quot;sizes&quot;:[]}}\" data-widget_type=\"text-editor.default\">\n\t\t\t\t\t\t\t\t\tFuture Description Courte\t\t\t\t\t\t\t\t<\/div>\n\t\t\t\t<div class=\"elementor-element elementor-element-7951272 elementor-align-center elementor-widget elementor-widget-button\" data-id=\"7951272\" data-element_type=\"widget\" data-e-type=\"widget\" data-widget_type=\"button.default\">\n\t\t\t\t\t\t\t\t\t\t<a class=\"elementor-button elementor-button-link elementor-size-sm\" href=\"https:\/\/cdetoulouse.fr\/index.php\/distribution\/\">\n\t\t\t\t\t\t<span class=\"elementor-button-content-wrapper\">\n\t\t\t\t\t\t\t\t\t<span class=\"elementor-button-text\">En Savoir Plus<\/span>\n\t\t\t\t\t<\/span>\n\t\t\t\t\t<\/a>\n\t\t\t\t\t\t\t\t<\/div>\n\t\t\t\t<\/div>\n\t\t\t\t<\/div>\n\t\t\t\t<\/div>\n\t\t\t\t<\/div>\n\t\t\t\t\t<\/div>\n\t\t\t\t<\/div>\n\t\t<div class=\"elementor-element elementor-element-9f46e8a e-flex e-con-boxed e-con e-parent\" data-id=\"9f46e8a\" data-element_type=\"container\" data-e-type=\"container\">\n\t\t\t\t\t<div class=\"e-con-inner\">\n\t\t\t\t\t<\/div>\n\t\t\t\t<\/div>\n\t\t\t\t<\/div>\n\t\t","protected":false},"excerpt":{"rendered":"<p>Vous \u00eates une \u00e9cole, un prescripteur ? Alors faite une demande d&rsquo;aide 1) T\u00e9l\u00e9charger les documents n\u00e9cessaires 2) T\u00e9l\u00e9chargez le formulaire de demande d&rsquo;aide 3) D\u00e9posez\u00a0nous le \u00ab\u00a0Formulaire de demande d&rsquo;aide\u00a0\u00bb\u00a0 AVEC tout les \u00ab\u00a0Documents \u00e0 T\u00e9l\u00e9charger\u00a0\u00bb par mail une fois rempli, avec\u00a0 nous vos documents directement par mail \u00e0\u00a0cde- toulouse@wanadoo.fr. Documents N\u00e9cessaires Formulaire de&hellip;<\/p>\n","protected":false},"author":1,"featured_media":0,"parent":0,"menu_order":0,"comment_status":"closed","ping_status":"closed","template":"","meta":{"footnotes":""},"class_list":["post-276","page","type-page","status-publish","hentry"],"_links":{"self":[{"href":"https:\/\/cdetoulouse.fr\/index.php\/wp-json\/wp\/v2\/pages\/276","targetHints":{"allow":["GET"]}}],"collection":[{"href":"https:\/\/cdetoulouse.fr\/index.php\/wp-json\/wp\/v2\/pages"}],"about":[{"href":"https:\/\/cdetoulouse.fr\/index.php\/wp-json\/wp\/v2\/types\/page"}],"author":[{"embeddable":true,"href":"https:\/\/cdetoulouse.fr\/index.php\/wp-json\/wp\/v2\/users\/1"}],"replies":[{"embeddable":true,"href":"https:\/\/cdetoulouse.fr\/index.php\/wp-json\/wp\/v2\/comments?post=276"}],"version-history":[{"count":100,"href":"https:\/\/cdetoulouse.fr\/index.php\/wp-json\/wp\/v2\/pages\/276\/revisions"}],"predecessor-version":[{"id":997,"href":"https:\/\/cdetoulouse.fr\/index.php\/wp-json\/wp\/v2\/pages\/276\/revisions\/997"}],"wp:attachment":[{"href":"https:\/\/cdetoulouse.fr\/index.php\/wp-json\/wp\/v2\/media?parent=276"}],"curies":[{"name":"wp","href":"https:\/\/api.w.org\/{rel}","templated":true}]}}